 -10*i + n = -9*i. Let h = 148 - i. What is the units digit of h?
8
Suppose 67*o - 13772 = 56*o. What is the tens digit of o?
5
Let a(t) = t**3 + 6*t**2 - 2*t - 8. Let l be a(-6). Let f(z) = z - l*z + 6*z**2 + 8 - 10. What is the units digit of f(-2)?
8
Let j be -1*(-72)/(-28)*(-462)/9. Suppose -11*v + 5*v = -j. What is the units digit of v?
2
Suppose -4*x + 654 - 212 = 2*z, -z = -x + 103. What is the tens digit of x?
0
Suppose 4*w + w - 4 = -2*x, -8 = -5*w - 4*x. Suppose w = 2*t + q - 129, 0*t + q = -3*t + 192. What is the units digit of t?
3
Let t(b) = b**3 + 4*b**2 - b. Let o be t(-4). Suppose 11 = o*w - 5. Suppose -w*f + 227 - 19 = 0. What is the tens digit of f?
5
Suppose 2*z - 21 = -7. Let f(j) be the first derivative of j**3/3 - 5*j**2/2 + 5*j + 14. What is the units digit of f(z)?
9
Let f(x) = -14*x**2 - 45*x - 18. Let i(p) = 5*p**2 + 15*p + 6. Let b(o) = 4*f(o) + 11*i(o). Let u be b(-11). Let z = u + -17. What is the units digit of z?
1
Let w(i) be the first derivative of i**4/4 - 4*i**3/3 + 2*i**2 + i - 2. Let n be w(3). Suppose -5*p - 1 = -n*p, 0 = -4*u - p + 67. What is the tens digit of u?
1
Suppose 140*b + 11670 = 146*b. What is the tens digit of b?
4
Let h(y) = y**3 - 5*y**2 + y + 5. Let t be h(4). Let m = t - -10. Suppose -w - m*r + 34 = 0, -2*r - 33 = -3*w + 14. What is the tens digit of w?
1
Suppose 5*f - 7865 = -46*d + 51*d, -6252 = -4*f - 4*d. What is the hundreds digit of f?
5
Let s(t) = 6*t**3 - t**2. Let o be s(1). What is the units digit of 424/o + ((-1)/5)/(-1)?
5
Let u = -79 + 185. Let m = u + 34. What is the hundreds digit of m?
1
Let a(s) = -100*s - 3. Let c be a(-2). Suppose c = 4*u - 107. Suppose -x + u = 3*x. What is the tens digit of x?
1
Suppose -36*i + 26577 = -13347. What is the tens digit of i?
0
Let i be 6/4 - 7/(-14). Suppose -i*l - 3*l - 20 = 0. What is the units digit of (-6)/(-4 + 7)*l?
8
Suppose -9*l + 15*l - 2232 = 0. What is the hundreds digit of l?
3
Let f = 67 - 47. Let w = f - -31. What is the tens digit of (-11 - -11) + (w - 1)?
5
Suppose -5*a = 5*q - 4840, -19*q + 3860 = -15*q - 2*a. What is the hundreds digit of q?
9
What is the thousands digit of 1474 - ((-1088)/(-160) - 2/(-10))?
1
Let d(z) = 12*z**2 + 3*z - 2. Let a be d(1). Suppose 0 = 3*j - a - 5. What is the tens digit of (j/(-4))/((-10)/180)?
2
Let y(w) = 9*w**2 + 15*w - 6. What is the hundreds digit of y(6)?
4
Let y = 16 + -11. Suppose y*v - 14 = 86. What is the units digit of v?
0
Let n = 20 + -31. Let l be (-145)/(-11) + 2/n. Let o = l - 9. What is the units digit of o?
4
Suppose 4*r = 4*h + 20, 5*h = -r - 4 - 9. Suppose -4*s - r - 18 = 0. What is the units digit of -4 + s*(1 - 4)?
1
Let s(m) = 8*m**2 + m - 1. Let n be s(-3). Suppose -y = -n - 11. What is the tens digit of 3/15 - y/(-5)?
1
Let n(w) be the second derivative of -w**3/2 + w**2/2 - 9*w. What is the tens digit of n(-3)?
1
Let r(q) = 16*q**2 + 11 - 5 - q**3 - 19 - 21 + 19*q. What is the units digit of r(16)?
0
Suppose 4*v - 1904 = -3*v. What is the tens digit of v?
7
Let o = -810 - -1417. What is the tens digit of o?
0
Let u be -18*1*4/(-12). Suppose -u*y = -5*y - 70. What is the tens digit of y?
7
Let n(l) = 17*l - 2. Let j be n(1). Let z = j - 11. What is the units digit of z/10 + 96/10?
0
Let v(o) = -99*o - 56. What is the units digit of v(-30)?
4
Let g(y) = y**2 - 4*y + 109. What is the thousands digit of g(-42)?
2
Let v(n) = -35*n - 3. Let j = -16 + 21. Let f(p) = 71*p + 6. Let w(b) = j*v(b) + 3*f(b). What is the units digit of w(1)?
1
Let i = -53 + 58. Suppose 0 = -i*x + 10*x - 470. What is the units digit of x?
4
Suppose 1290 = 4*o - r, -3*o - 4*r = -5*r - 967. What is the tens digit of o?
2
Let a(t) be the first derivative of 3*t**3 + 3*t**2 - 18*t - 18. What is the hundreds digit of a(-6)?
2
Let o(p) = p**2 - 7. Let t be (-18)/12 - 18/(-4). What is the units digit of o(t)?
2
Suppose 0 = -5*f - 5, -2*f - 2 - 10 = -2*y. Let b be y*1*(-1)/(-1). Suppose 0 = -5*m + 3*l + 67, 3*l + 66 = b*m - l. What is the units digit of m?
4
What is the hundreds digit of 1*1003 + (-49 - -48)?
0
Suppose 0 = -8*t + 3*t - 20. What is the units digit of (-4)/t*1*53?
3
Let f(p) be the second derivative of p**3/3 - 5*p. Let y be f(7). Let o = 11 + y. What is the units digit of o?
5
Let p be 60/16 + (-2)/(-8). Suppose 3*h = 3*y - 12 + 63, -p*y = h - 32. Suppose 0 = 5*z - h, -4*z + 0*z = -4*w - 12. What is the units digit of w?
1
Let b(m) = -m**2 + 6*m - 5. Let x be b(4). Suppose z + 5*v + 7 + 12 = 0, -3*z + 2*v - 6 = 0. What is the tens digit of (-75)/z - x/(-12)?
1
Suppose 0 = -5*n + 4*d + 71, 3*n = -2*n + 2*d + 73. Let m = n + -11. Let i(l) = l**2 - 2*l + 4. What is the units digit of i(m)?
2
Suppose -1379 + 47 = -d. What is the thousands digit of d?
1
Let p = 0 - -5. Suppose 5 = p*b - 5. Suppose b*h = -3*d + 49, 3*d = -4*h + 4*d + 77. What is the tens digit of h?
2
Suppose 0*s + 6 = 3*s. Let i = 160 - 160. Suppose 4*j + 75 = 5*g, i = -g - 2*g - s*j + 67. What is the tens digit of g?
1
Let i = 26 - 21. Let z(v) = -10*v**3 + 10*v + 11*v**3 + 0 + i*v**2 + 2 + 3*v**2. What is the units digit of z(-5)?
7
Suppose 0 = -2*d + 3 + 5. Suppose 2*z + 3*c = -1, d*z - 5*c - 35 = -z. Suppose -11 - 37 = -4*s - z*i, 3*s + 2*i = 33. What is the units digit of s?
9
Suppose -13*w = -21*w + 2248. What is the units digit of w?
1
Let v = -305 - -348. What is the tens digit of v?
4
Let k = 37 + -43. Let a(d) = -2*d**3 - 9*d**2 + d + 14. What is the units digit of a(k)?
6
Suppose 479 = 5*t - 5*x - 9091, 6*t - 3*x = 11481. What is the thousands digit of t?
1
Let o(i) = 15*i**3 - 7*i**2 - 3*i - 11. Let c be o(7). What is the units digit of 2/(-7) - (c/(-35) - 5)?
1
Let i be (-118 - -137)*-1*2/2. Let d(q) = -q**3 + 6*q**2 + 6*q + 3. Let b be d(5). Let x = i + b. What is the units digit of x?
9
Let s(y) = -y**2 + 23*y - 51. Suppose 0 = -t - t + 20. What is the units digit of s(t)?
9
Suppose 462*c - 24934 = 455*c. What is the thousands digit of c?
3
Let t(f) = -f**2 - 5*f + 6. Let l be t(-5). What is the units digit of (-1 + 13)*26/l?
2
Let i = -9 + 11. Let v(g) = 27*g**3 - g**2 + g - 4. What is the units digit of v(i)?
0
Suppose -2 + 0 = t. What is the units digit of t/((-1)/(445/10))?
9
Suppose -5*c + 2*c + 15 = 0. Suppose c*r = -r + 198. What is the tens digit of r?
3
Let s(o) = -o**3 + 3*o + 470. What is the units digit of s(0)?
0
Let y(n) = 5*n - 2. Suppose -1 = 22*c - 23*c. What is the units digit of y(c)?
3
Let t(o) = o**3 + 4. Let i be t(0). What is the units digit of 27 + (-4)/(6 - i)?
5
Let m(s) = 5 + 6 - 8*s + 2*s. What is the units digit of m(-5)?
1
Suppose 4 = -2*d - 6, 5*s - 2*d = 30. Let w(b) = -s*b**3 - 7*b**2 + 4*b**3 + 7*b - b**3 - b. What is the units digit of w(-8)?
6
Let x(h) = 2*h**2 + 2*h - 3. Suppose n - 4 = 4. Suppose 2*l - n = 4*l. What is the tens digit of x(l)?
2
Suppose -18 = 7*i - 13*i. Suppose -w = -3*b - i*w + 451, -463 = -3*b + w. What is the tens digit of b?
5
Suppose -l - 2*c = -22 - 1, -2 = -2*c. Let s = -33 + l. Let f(a) = -a - 6. What is the units digit of f(s)?
6
Suppose -5*x - 2384 = -w, -x = 3*w - 3632 - 3472. What is the thousands digit of w?
2
Let j be ((-3)/(-6))/((-4)/(-1760)). Let u = j + -115. What is the tens digit of u?
0
Let v(k) = 18*k - 3. Let h be v(-6). Let u = h - -155. What is the units digit of u?
4
Suppose 0 = 2*w + 41 - 49. Suppose -3*i - 2*c - 168 + 559 = 0, w*i - 544 = 3*c. What is the units digit of i?
3
Let r(z) = -16*z + 71. What is the units digit of r(-19)?
5
Suppose -7*m + 25 = -10. Suppose -m*j + r = -1640, 6*r = -2*j + 2*r + 634. What is the tens digit of j?
2
Let t(b) = -2*b**2 - 6*b. Let i be t(-4). What is the units digit of (52/6)/(i/(-12))?
3
Let u = -172 - -408. Let x = u - 49. Suppose -x = -5*d + 133. What is the tens digit of d?
6
Suppose -3*h - 7*h + 12120 = 0. What is the units digit of h?
2
Let d be (-2)/(-4 + 102/26). Let u = d + -11. What is the units digit of u?
5
Let j(m) = -7*m - 19. Let t be (-4 - (-9)/(-3)) + -2. What is the tens digit of j(t)?
4
Let p = 5 + -1. Suppose -3*x + p = -8. Suppose -2*t = -x*t + 16. What is the units digit of t?
8
Suppose v + 411 = -2*p + 1627, -3*v = 3*p - 1821. What is the hundreds digit of p?
6
Suppose 3*h - 9 = 0, 0*h + 2*h = 2*r - 88. Suppose 397 - r = 2*l. What is the hundreds digit of l?
1
Let 